) in base 12?
b536
Convert 20a (base 12) to base 8.
452
What is -22455 (base 6) in base 13?
-15c5
Convert -1a138 (base 13) to base 5.
-3110442
1123 (base 6) to base 2
100001011
-105655 (base 7) to base 9
-27771
-1301 (base 4) to base 7
-221
910 (base 10) to base 12
63a
-5172 (base 10) to base 4
-1100310
What is 5287 (base 10) in base 8?
12247
-e9c (base 15) to base 8
-6341
-fbe (base 16) to base 3
-12112021
What is 34535 (base 8) in base 14?
54cd
-110010000 (base 2) to base 12
-294
100001110111 (base 2) to base 11
16a0
-6216 (base 7) to base 10
-2169
Convert 56 (base 11) to base 8.
75
13013 (base 4) to base 10
455
What is 204114 (base 5) in base 4?
1222000
-2944 (base 11) to base 16
-ed7
-1723 (base 9) to base 10
-1317
-4735 (base 9) to base 2
-110110111011
What is 36a (base 11) in base 4?
12313
322311 (base 4) to base 12
2219
Convert 12102 (base 3) to base 13.
b3
4939 (base 12) to base 6
102113
-4511 (base 12) to base 3
-101111011
What is -354 (base 14) in base 9?
-815
What is 1006 (base 7) in base 8?
535
What is -9b6d (base 14) in base 5?
-1330244
Convert -3501 (base 7) to base 6.
-5523
-15725 (base 13) to base 2
-1001111100111000
Convert 3983 (base 15) to base 10.
12273
1243014 (base 5) to base 15
7509
Convert -1435 (base 10) to base 5.
-21220
Convert 375 (base 12) to base 5.
4041
What is 13013 (base 5) in base 15?
473
What is 231024 (base 5) in base 13?
39b9
Convert 4a (base 15) to base 10.
70
Convert 17010 (base 11) to base 7.
126611
Convert 404251 (base 6) to base 11.
22106
3013 (base 6) to base 14
34d
Convert -10102111200 (base 3) to base 11.
-46737
-330 (base 8) to base 12
-160
What is 787 (base 11) in base 2?
1110101110
-bb1 (base 13) to base 12
-11ab
Convert 1465 (base 13) to base 6.
21404
Convert 11301 (base 4) to base 13.
225
Convert -74637 (base 9) to base 5.
-3034423
2090 (base 12) to base 2
110111101100
Convert -10200202 (base 4) to base 11.
-12968
Convert -1248 (base 10) to base 9.
-1636
Convert -3657 (base 9) to base 6.
-20341
aa6d (base 15) to base 13
13582
What is -2005 (base 6) in base 4?
-12311
Convert 521410 (base 6) to base 13.
16074
ba90 (base 15) to base 10
39510
What is 3132 (base 9) in base 10?
2297
-2778 (base 10) to base 4
-223122
Convert 25a (base 12) to base 10.
358
54a (base 11) to base 14
351
Convert 71538 (base 9) to base 12.
23308
-275 (base 14) to base 4
-13233
What is 100001 (base 4) in base 6?
4425
1100100101 (base 2) to base 3
1002211
Convert -3ba (base 12) to base 4.
-20332
Convert -11021 (base 3) to base 14.
-83
Convert -100000 (base 2) to base 7.
-44
What is -2050 (base 6) in base 10?
-462
101002 (base 3) to base 15
132
36547 (base 8) to base 4
3311213
Convert -1020111210 (base 3) to base 9.
-36453
Convert 43130 (base 5) to base 2.
101101100011
-45 (base 14) to base 3
-2021
Convert 35034 (base 6) to base 12.
2a7a
What is 20222020 (base 3) in base 16?
13da
Convert -2265 (base 9) to base 12.
-b7b
What is -200 (base 8) in base 12?
-a8
11c75 (base 14) to base 2
1010101001011111
Convert -101111011100001 (base 2) to base 7.
-130546
What is 1122010200 (base 3) in base 2?
111110110101111
-35427 (base 12) to base 5
-4241310
-354 (base 8) to base 11
-1a5
-43b (base 13) to base 10
-726
Convert 1a32 (base 13) to base 2.
111101011000
-2561 (base 8) to base 10
-1393
371 (base 13) to base 15
29e
Convert 16147 (base 9) to base 15.
3424
Convert -106523 (base 8) to base 10.
-36179
Convert 200202112 (base 3) to base 2.
11010101101100
6354 (base 13) to base 2
11010110111110
Convert 1023 (base 4) to base 13.
5a
Convert -21210 (base 5) to base 8.
-2626
Convert 100111011111000 (base 2) to base 13.
9281
What is 30756 (base 12) in base 15?
13b3c
What is 2db4 (base 15) in base 4?
2121310
-21414 (base 5) to base 8
-2714
Convert -28234 (base 9) to base 10.
-19147
23113 (base 7) to base 4
1130002
Convert -15 (base 16) to base 7.
-30
Convert -2001120 (base 4) to base 10.
-8280
Convert 2253 (base 6) to base 16.
219
Convert -2d6e (base 15) to base 9.
-14365
27 (base 9) to base 3
221
What is 1036 (base 10) in base 16?
40c
What is 1712 (base 10) in base 13?
a19
What is 11210 (base 4) in base 6?
1352
11153 (base 6) to base 12
ab9
What is 341 (base 11) in base 8?
630
What is 7718 (base 12) in base 15?
3d4e
Convert 72a (base 11) to base 15.
3d9
What is 7a4a (base 13) in base 2?
100001011101011
Convert -1632 (base 7) to base 4.
-22110
Convert 1122010 (base 3) to base 15.
546
-20460 (base 7) to base 15
-1760
-3a23 (base 13) to base 6
-102250
115a9 (base 15) to base 4
31133310
What is 558 (base 11) in base 12?
478
Convert 4108 (base 13) to base 5.
241330
-6435 (base 11) to base 3
-102200010
What is 61656 (base 7) in base 14?
56d6
What is -12001 (base 3) in base 11?
-114
What is -1118 (base 13) in base 2?
-100101010011
What is 2835 (base 16) in base 11?
7808
Convert 10454 (base 7) to base 10.
2636
Convert -1081 (base 9) to base 10.
-802
Convert -3861 (base 11) to base 13.
-239a
Convert -550 (base 14) to base 16.
-41a
Convert -11100001001 (base 2) to base 8.
-3411
What is -35a2 (base 15) in base 11?
-8626
Convert -3132 (base 6) to base 8.
-1300
What is -1177 (base 8) in base 14?
-339
What is -369 (base 10) in base 2?
-101110001
Convert -312101 (base 4) to base 13.
-1772
Convert -695 (base 13) to base 3.
-1120002
What is -22722 (base 10) in base 4?
-11203002
-53441 (base 6) to base 8
-16201
What is 1024 (base 7) in base 15?
191
25003 (base 8) to base 12
6283
What is -434 (base 11) in base 4?
-20021
7480 (base 9) to base 13
2670
Convert 12406 (base 14) to base 12.
21a46
Convert 21021 (base 6) to base 3.
10212111
-86 (base 11) to base 13
-73
What is -d4 (base 16) in base 2?
-11010100
Convert -420322 (base 7) to base 3.
-10200000211
Convert -32023 (base 4) to base 12.
-637
Convert -10000001 (base 2) to base 15.
-89
What is -13121 (base 6) in base 9?
-2654
1738 (base 11) to base 2
100010101011
What is 12230 (base 4) in base 6?
1552
What is 1010001110 (base 2) in base 15?
2d9
What is -212 (base 11) in base 7?
-513
Convert -9cc (base 14) to base 3.
-2200000
What is -101011001010 (base 2) in base 7?
-11024
245135 (base 6) to base 13
9c59
Convert 12023 (base 4) to base 12.
28b
-22324 (base 5) to base 14
-817
1665 (base 9) to base 6
5522
1760 (base 13) to base 5
102313
What is -2032212 (base 4) in base 13?
-4200
111000110 (base 2) to base 14
246
Convert 2ab (base 14) to base 13.
32a
What is 3877 (base 9) in base 13?
1426
-227 (base 15) to base 5
-3422
What is 21434 (base 5) in base 15?
699
Convert -57213 (base 8) to base 16.
-5e8b
What is 101524 (base 8) in base 6?
415352
What is 244441 (base 6) in base 14?
7d0d
What is 1be1 (base 16) in base 11?
53a9
-20215 (base 6) to base 9
-3602
Convert -1312 (base 5) to base 15.
-dc
-16717 (base 8) to base 3
-101110122
716 (base 8) to base 10
462
What is -11108 (base 9) in base 14?
-2991
Convert -1403 (base 7) to base 12.
-392
Convert -4153 (base 7) to base 5.
-21314
Convert 110002201 (base 3) to base 16.
2275
-2554 (base 16) to base 5
-301211
Convert 10be (base 15) to base 11.
2741
Convert 1929 (base 16) to base 5.
201231
-1110201211 (base 3) to base 2
-111000100100110
533 (base 11) to base 10
641
-17b1 (base 13) to base 8
-6704
What is 24264 (base 7) in base 12?
37a6
Convert -211122 (base 4) to base 15.
-a99
What is d60 (base 16) in base 11?
2633
-23123132 (base 4) to base 15
-dd0e
-105531 (base 6) to base 3
-110102101
Convert 216 (base 15) to base 8.
727
What is 21435 (base 8) in base 7?
35131
Convert -12c7 (base 15) to base 7.
-14461
Convert 14222 (base 5) to base 14.
60b
What is 310200 (base 4) in base 11?
2585
Convert -140402 (base 7) to base 15.
-7d3e
What is 23 (base 13) in base 2?
11101
-4213 (base 9) to base 3
-11020110
What is -10400 (base 5) in base 4?
-23111
Convert 60211 (base 8) to base 7.
132023
What is 3636 (base 10) in base 9?
4880
What is -1464 (base 8) in base 16?
-334
What is -46c5 (base 13) in base 6?
-114043
-770 (base 13) to base 8
-2372
What is 121002 (base 4) in base 10?
1602
Convert 4a1 (base 14) to base 2.
1110011101
a114 (base 11) to base 12
7946
Convert -220044 (base 5) to base 8.
-16544
9248 (base 14) to base 16
6240
What is -630 (base 11) in base 14?
-3c3
What is -2203 (base 4) in base 3?
-20001
895d (base 15) to base 9
43837
-34083 (base 11) to base 15
-e943
Convert 1011201 (ba